3 = -v. Is v a multiple of 21?
False
Let u(y) = -y**3 - 5*y**2 - 5*y - 10. Does 4 divide u(-5)?
False
Suppose 7*i - 640 = 1383. Is 32 a factor of i?
False
Suppose 0 = 2*d - 31 + 3. Is 7 a factor of d?
True
Let f(t) = 49*t**2 - 4. Is f(-2) a multiple of 32?
True
Let g(a) be the third derivative of a**6/120 + a**5/10 - a**4/6 - 2*a**3/3 - 4*a**2. Is 10 a factor of g(-6)?
True
Suppose -6*d + 4*d + 186 = 0. Does 39 divide d?
False
Let b = 338 - 238. Is b a multiple of 20?
True
Let g(n) = -n**2 + 17*n - 10. Does 14 divide g(7)?
False
Let h(z) = -z**3 + 7*z**2 + 10*z - 7. Suppose 0*l = -4*l + 4. Suppose 25 = 3*w + l. Is h(w) a multiple of 9?
True
Let v be ((-18)/4)/(6/8). Let m(z) = -6*z + 2. Is 8 a factor of m(v)?
False
Let v(x) = -12*x**3 - 2*x**2 - 4. Is v(-2) a multiple of 28?
True
Let h(q) = q**2 - 5*q - 8. Is 8 a factor of h(8)?
True
Does 13 divide 1930/8 - ((-243)/36)/9?
False
Suppose -3*x = -x - 52. Is x a multiple of 9?
False
Suppose -2*c - 6 = -5*c. Suppose 4*h + 1 = c*h - j, -4*j - 4 = 0. Suppose -2*r + 4*z = z - 45, -2*r + z + 47 = h. Is 11 a factor of r?
False
Let o = -24 + 149. Is 25 a factor of o?
True
Let k = 11 - 8. Suppose 5*q = 5, -k*q - 2*q - 20 = -5*d. Suppose -4*h - 4*w = h - 67, -3*h = -d*w - 18. Does 5 divide h?
False
Let o = 96 - 53. Is 4 a factor of o?
False
Suppose 4*v = -9*l + 4*l, -4*l = 5*v. Suppose 4*g = -l*g + 176. Is 12 a factor of g?
False
Let d(a) = -a**3 - 4*a**2 + 5*a + 2. Let n be d(-5). Let v = n - -16. Does 7 divide v?
False
Suppose -2*q + q + 315 = 0. Is q a multiple of 45?
True
Let p be 4/22 + 126/33. Suppose 0 = 4*q - 4*d - 50 - 18, -p*q = 4*d - 76. Let j = 29 - q. Does 11 divide j?
True
Let x(c) = 3*c + 3. Let b(h) be the third derivative of h**6/120 - h**5/15 + 5*h**4/24 - h**3/2 + 3*h**2. Let q be b(3). Is x(q) a multiple of 4?
True
Suppose 8*h = -t + 3*h + 82, -2*t = -2*h - 116. Suppose t = z + 1. Suppose 0 = 5*m - z + 11. Is 10 a factor of m?
True
Let i(p) = 5 - 6 + 12*p**2 - 3*p + 4*p. Let d be i(1). Let l = -6 + d. Is l a multiple of 6?
True
Let j(m) = -5*m - 60. Does 10 divide j(-24)?
True
Let u(z) = 282*z**2 + z - 1. Let s be u(1). Suppose f + 2*x = -4*f + s, 0 = -3*f - 3*x + 162. Is 15 a factor of f?
False
Let m(j) = 14*j + 10. Does 9 divide m(9)?
False
Let m = 42 - -8. Is 10 a factor of m?
True
Suppose 4*j + 95 - 17 = 5*g, 0 = -4*g - 4*j + 84. Is g a multiple of 9?
True
Let d(v) = 6*v**3 + 5*v**2 - 9*v + 1. Let q(f) = f**3 + f**2 - f. Let x(h) = d(h) - 5*q(h). Let m be x(-3). Let p = m + 28. Does 13 divide p?
False
Suppose -v = -h - 82, 3*v - 388 + 138 = 4*h. Is v a multiple of 13?
True
Let q(k) = -k**3 + 4*k**2 + k + 1. Let v be q(4). Suppose -g + 0*g = 4*s - 230, 0 = -5*s - v*g + 280. Does 22 divide s?
False
Let m = 368 + -258. Is m a multiple of 15?
False
Let j be 3 + 4/(-1) + 1. Suppose -2*l + 26 = -j*l. Is 13 a factor of l?
True
Let d be ((-81)/(-3))/(-3) - -1. Let s = 6 - d. Does 5 divide s?
False
Let j be ((-2)/(-3))/(6/(-54)). Is 5 a factor of 7 - (-3)/(9/j)?
True
Let m = 208 - 82. Does 21 divide m?
True
Let b be (88/(-6))/(5/(-15)). Suppose 2*w - 50 = 2*a, 3*w - 2*a - b = 34. Is w a multiple of 14?
True
Let a(b) = 3*b - 6. Let d = 6 - 0. Does 11 divide a(d)?
False
Suppose 4*d + 4*f - 10 = 2*d, d - 1 = 2*f. Does 3 divide d?
True
Let w = 149 - 84. Is 17 a factor of w?
False
Let m(y) = -31*y**3 + 2*y**2 - 1. Is m(-1) a multiple of 16?
True
Let t(u) = u**2 + 2*u. Let f be t(-3). Let w(x) = 3*x + f*x**2 - 3*x**2 + 2*x**2 - 2. Is w(-5) a multiple of 15?
False
Suppose y + 1145 = -4*y. Let c be y/(-2) - (-1)/(-2). Suppose -v = -5*z - 0*v + c, 4*v = -3*z + 50. Is 12 a factor of z?
False
Does 11 divide 3/15 + -1 + (-379)/(-5)?
False
Let x(m) = m**2 - 12*m + 3. Let y be 26*(-1 + (-3)/(-2)). Is 6 a factor of x(y)?
False
Is 1 + 10 + 1 + 1 a multiple of 13?
True
Suppose -3*z + z - 214 = -4*u, -z + 229 = 4*u. Let x be 1/(-3) + (-22)/(-3). Suppose -3*m = -x*m + u. Is 12 a factor of m?
False
Let c = 92 - 52. Does 20 divide c?
True
Let y(z) = -27*z. Is 6 a factor of y(-1)?
False
Let t(z) = -z**2 - 13*z - 3. Let r be t(-13). Let u be r*1/(-3)*31. Suppose 0 = 3*g + 1 - u. Is g a multiple of 10?
True
Let i(w) = 4*w**2 + 3*w - 3. Let y = 0 - -2. Suppose 3*s = 9, -3*s - 11 = y*a - 8*s. Is i(a) a multiple of 19?
True
Let r(g) = 2*g**2 + 3*g + 1. Let x be ((-4)/(-2))/(-1*1). Let c be r(x). Suppose 62 = -2*t + c*t. Does 24 divide t?
False
Is 1/(0 + (-3)/(-165)) a multiple of 4?
False
Suppose -20 = 5*k - k. Let c = 25 + k. Is (-72)/(-15)*c/3 a multiple of 12?
False
Let m(a) = a**2 - 3*a + 4. Let j be m(3). Suppose -2 = j*h - 46. Is h a multiple of 11?
True
Let m = 0 + -5. Let h = m - -14. Does 4 divide h?
False
Suppose 5*o - 19 = -q, 3*o + o + 4*q = 12. Is o a multiple of 2?
True
Suppose -2*n - 4*j + 124 = 0, j + j + 58 = n. Does 5 divide n?
True
Let t(w) = 10*w + 3. Does 6 divide t(2)?
False
Let u(v) = 64*v**2 - 1. Is u(-1) a multiple of 9?
True
Let w(p) = -p**3 + 11*p**2 + 10*p - 4. Is 17 a factor of w(11)?
False
Let z = 3 - -27. Suppose 5*j = -2*f - z + 104, f + 4*j - 34 = 0. Does 15 divide f?
False
Does 8 divide (1 - 6 - -4) + 153?
True
Suppose -2*n + z = -35, 5*n = z + 4*z + 95. Is 16 a factor of n?
True
Let j = -2 + 6. Suppose -j*a - u + 4 = 0, 5*a + 6 = -0*u - 4*u. Suppose -2*g - a*w - 32 = -6*g, 5*g + 4*w = 66. Is 4 a factor of g?
False
Let f(t) = 2*t**2 + 18*t + 18. Is 18 a factor of f(-12)?
True
Let n be (-1)/(14/(-5) + 3). Let z(g) = 3*g**3 + 19*g**2 - 11*g + 18. Let l(i) = i**3 + 9*i**2 - 6*i + 9. Let m(t) = n*l(t) + 2*z(t). Is 2 a factor of m(6)?
False
Let c(k) = -k**2 - 5*k + 1. Let r be c(-6). Let s = 23 + r. Is s a multiple of 6?
True
Let k(p) = -p. Let v(q) be the second derivative of q**5/20 - 2*q**4/3 + 5*q**3/3 - q**2/2 - 2*q. Let z(i) = -4*k(i) - v(i). Is 8 a factor of z(7)?
True
Suppose -5*x + 54 = -36. Is x a multiple of 6?
True
Let s(j) = -j**3 - j**2 + 2*j + 3. Let i be ((-8)/(-12))/((-1)/3). Let t be s(i). Suppose -6 = 2*f - t*f. Is f a multiple of 6?
True
Let l(a) = 15*a**3 + 4*a**2 - 2*a - 1. Let r be l(2). Suppose -q + 5 = -0*q. Suppose -q*i = 4*n - 96, r = 5*i - 4*n + 27. Is 10 a factor of i?
True
Let f(b) = 3*b**3 + b**2 - b - 1. Let x be f(-1). Let t(a) be the third derivative of -a**5/60 - a**4/4 - a**3/2 + a**2. Is t(x) a multiple of 3?
False
Is 6 a factor of (36/(-16))/((-2)/8)?
False
Suppose 20 = l + 2*k, 0 = l - 0*k + 5*k - 23. Is l a multiple of 9?
True
Let g(a) = 64*a - 22. Is 13 a factor of g(3)?
False
Let t(b) = 4*b**2 - 12. Does 13 divide t(3)?
False
Suppose -u + 33 - 10 = 0. Suppose 2 + u = -5*n. Is 2 a factor of 1/(-2 + n/(-2))?
True
Let y(a) = -a**3 + 2*a**2 + 5*a - 4. Let i be y(3). Suppose -i*f + 7 = 1. Suppose -m = -f*m + 18. Does 3 divide m?
True
Suppose 5*f = -2*p + 126, 3*p + 1 = -5*f + 190. Does 15 divide p?
False
Suppose 4*v + 263 = 3*g, 0*v = v - g + 67. Let i = v - -110. Is i a multiple of 24?
True
Let p(l) = -6*l**2 - 11*l - 2. Let d(u) = -4*u**2 - 7*u - 1. Let n(g) = 7*d(g) - 5*p(g). Let b be n(-5). Let s = 53 - b. Does 15 divide s?
True
Suppose l + 2*l = 12. Suppose 2*k = -l*k + 300. Does 10 divide k?
True
Let i be (-180)/27*6/(-4). Suppose -3*x + 225 = 2*x - 3*y, 0 = -2*y + i. Is x a multiple of 15?
False
Let n(t) = -2*t + 29. Does 25 divide n(-7)?
False
Suppose -5*m + b + 359 = 0, 5*m + 0*b - 351 = -b. Suppose 31 = 3*s - 3*f - 2, -4*s - 5*f = -m. Does 7 divide s?
True
Let q = -41 - -72. Is q a multiple of 8?
False
Let r(s) = -s**3 + 2*s**2 + s - 2. Let p be r(2). Suppose -2*l + l + 3 = p. Does 6 divide 18 - -2 - (-2 + l)?
False
Let l(k) = 2*k**2 + 4*k + 2. Let y be l(-2). Let a = -14 + 75. Suppose -a = -y*i - 13. Is i a multiple of 12?
True
Let p(t) = 4*t**2 + 2*t + 1. Let h = 8 - 6. Let v be p(h). Let m = -8 + v. Is 5 a factor of m?
False
Suppose 4*v + 32 = -4*b, 0 = -3*v + 2*b - 3*b - 14. Is v*1*1*-18 a multiple of 18?
True
Let q(k) = 2*k**2 - 5*k + 2. Let r be q(4). Is 15 a factor of 194/7 + 4/r?
False
Suppose 5*b - 11 = 24. Let r = 10 - b. Is r a multiple of 3?
True
Let x(h) = -4*h**3 - h**2 - h - 1. Suppose -3*k - 2 = -k. Let v be x(k). Suppose -5*l = 3*i - 159, -v*l + i + 3*i = -107. Does 17 divide l?
False
Let q(p) = 5*p - 4*p + p + 4*p - 6. Is q(7) a multiple of 12?
True
Suppose -151 = -6*f + 629. Does 9 divide f?
False
Is 7 a factor of (-3)/